 be w(d). List the prime factors of 8 + (2 - f) + -1.
3
Suppose 0*t + 38 = -2*t. Suppose -5*g = -3*y - g - 80, 4*y - 4*g + 112 = 0. Let l = t - y. List the prime factors of l.
13
Suppose 3*d + 1 = 2*d. Let x be 3/6*(-1 + 11). Let p = x + d. What are the prime factors of p?
2
Let q be (-2)/3 + 29/3. Suppose 18 + q = m. What are the prime factors of m?
3
Let q = -208 + 377. What are the prime factors of q?
13
Suppose -4*i - 3*z - 68 = z, 0 = 5*z + 15. Let t = 24 + i. List the prime factors of t.
2, 5
List the prime factors of (-1169)/(-7) + -2 + 6.
3, 19
Suppose -32 + 209 = 3*k. What are the prime factors of k?
59
Let v = 11 + -5. List the prime factors of v.
2, 3
List the prime factors of 324/5 - 2/(-10).
5, 13
Suppose 4*n - 4 - 56 = 0. Suppose 3 + n = 3*k. Suppose -x + 1 + k = 0. What are the prime factors of x?
7
Suppose -2 = -v + 22. Suppose -x = -y + v, 2*y - 42 - 78 = 5*x. What are the prime factors of 2/4*(-4 - x)?
2, 5
Suppose 4*q - 200 = -4*x, -95 - 71 = -3*q + 5*x. Suppose 4*w - 132 = -3*a, -a + q = -0*a + 4*w. List the prime factors of a.
2, 5
What are the prime factors of 143*(-3 - -5 - 1)?
11, 13
Let s(j) = j**3 - j**2 + 20. Let m be s(0). Let d = m + 13. List the prime factors of d.
3, 11
Suppose -p = 2*p - 30. What are the prime factors of 24/p*80/6?
2
Let a(l) = 10*l - 5. Suppose -3*d - 8 = -20. Let i be a(d). Suppose 0 = -0*z - 5*z + i. List the prime factors of z.
7
Let n = -4 - -2. Let d(x) = -x**3 - 3*x**2 - x + 1. Let u be d(n). Let r = u - -7. What are the prime factors of r?
2, 3
Suppose -7*q + 3*q - 4*o - 36 = 0, -3*o - 3 = 0. Suppose 3*k + 2*y + 36 + 17 = 0, 2*k = 2*y - 22. Let j = q - k. What are the prime factors of j?
7
Let r(j) = -j + 7 + 6 + 2 - 5. What are the prime factors of r(6)?
2
Let l(g) = -g**2 - 5*g + 1. Let s be l(-3). What are the prime factors of 26/7 - (-2)/s?
2
What are the prime factors of 159 - (-2 - 16/(-4))?
157
Let w be ((-344)/20)/((-2)/10). Let p = w + -42. List the prime factors of p.
2, 11
Let w be (-1 - 12 - -2)/(-1). Let x be w + 5/(5/(-2)). Let p = x + -4. What are the prime factors of p?
5
Suppose b - 98 = -2*a, 4*a + 368 = -0*b + 4*b. List the prime factors of b.
2, 47
Let y = 12 - -9. Suppose 0 = 2*x - 6, -3*i + y = -2*x - 3*x. What are the prime factors of i?
2, 3
Suppose 3*w - 3 = 2*w. Let h be ((-22)/w)/(10/(-15)). Let b = h - 1. What are the prime factors of b?
2, 5
Let z = -137 - -230. Suppose 3*j = 0, 0 = 3*d - j - j - z. Let r = d + -22. What are the prime factors of r?
3
Let l(o) = -2 + 1 + 0 - o + 5. List the prime factors of l(-11).
3, 5
Let s(f) = -17*f + 8. What are the prime factors of s(-5)?
3, 31
Suppose -2*g - 2*v - 15 = -115, 3*g - 2*v = 135. List the prime factors of g.
47
Suppose -12*j + 3380 = 104. What are the prime factors of j?
3, 7, 13
Suppose -2*o = -0*o + w - 18, -4*o + 16 = -3*w. What are the prime factors of o + 2/(2 - 0)?
2
Suppose 3*w + 0*w - 21 = -3*s, -2*w - 6 = -2*s. Suppose 3*y = -w*f - 11, -4 = 3*f + 2*y - 0. What are the prime factors of f?
2
Suppose -z = i - 2, -i - i = 5*z + 5. Let w = -54 - z. List the prime factors of 1/(w/27 + 2).
3
Let k(g) = g**2 + 7*g - 10. Let h be k(-6). Let y(p) = 2*p**2 + 7*p - 8. Let s be y(-6). Let b = h + s. What are the prime factors of b?
2, 3
Let d(s) = 4*s - 2. Let l be d(-1). List the prime factors of (l*14)/(-3) - -2.
2, 3, 5
List the prime factors of 2 + ((-6)/3 - -183).
3, 61
Let f = 13 + -16. What are the prime factors of 0 - f - (-2 - 17)?
2, 11
Let o = -1 - -2. Suppose 4*b + o = 3*b. Let x = b - -4. List the prime factors of x.
3
Let u = 0 - -1. Suppose -10 = -c + u. List the prime factors of c.
11
Suppose 4*u + 0*r = r - 22, 3*r = 3*u + 21. Let v be u/(-2) + 2/4. Suppose -v*t + 20 + 13 = 0. List the prime factors of t.
11
Let u(g) = -5*g + 4. Let w(o) = -4*o + 3. Let c(f) = -3*u(f) + 4*w(f). Let n be c(3). Let r = n - -9. List the prime factors of r.
2, 3
Let y(f) = 24*f**2 + f - 3. List the prime factors of y(2).
5, 19
Suppose -4*t = -j + 3, 4*t - 2*t = 3*j - 9. Let i(n) = n**3 - n**2 + 12. List the prime factors of i(t).
2, 3
Let l be (-3)/(-12) + (-2393)/4. List the prime factors of 4/6 + l/(-39).
2
Let f be 19*(-3 + 0)/3. Let w = 8 + f. Let r = -7 - w. List the prime factors of r.
2
Suppose 9*v - 3259 = -1234. List the prime factors of v.
3, 5
Suppose -19*a = -18*a - 48. What are the prime factors of a?
2, 3
Let l = 40 + -24. Suppose i - l = -i. List the prime factors of i.
2
Suppose -5*u - 3*n = -23, -1 = -0*u - u + 3*n. What are the prime factors of u/2 - 0/5?
2
Suppose -6*s = -4*s - 6. List the prime factors of (35/s)/((-3)/(-9)).
5, 7
Let h = 370 - 158. What are the prime factors of h?
2, 53
Let f(n) = 2*n**3 - 4*n**2 + 2*n + 1. Let j be f(2). Suppose j*p = -4*g + 26, -p = -4*g - 2*p + 34. List the prime factors of g.
3
Suppose 6 = p + 2*o, 0 = 4*p - 2*o - 38 - 16. What are the prime factors of p/(-30) + (-134)/(-10)?
13
Let l(n) = n**2 + n. Let t be l(-3). List the prime factors of t*((-45)/6)/(-3).
3, 5
Let c = -3 + 3. Let h(a) = -4*a + 2*a + c*a - 4. What are the prime factors of h(-6)?
2
Let o(u) be the second derivative of u**8/6720 + u**5/60 - u**4/12 - 2*u. Let c(y) be the third derivative of o(y). List the prime factors of c(2).
2, 5
Let t = 71 - -55. List the prime factors of (-79)/(-9) + 28/t.
3
Suppose -2*s - 105 = -3*o - 5*s, s = 0. List the prime factors of o.
5, 7
Suppose -127 = -z - g + 86, 1095 = 5*z - 5*g. List the prime factors of z.
2, 3
Suppose 0*o + 2*o = 136. Suppose -5*j + o = -j. List the prime factors of j.
17
Let a be (0/3)/(1 - -1). Suppose -4*z - 8 = a, 0*f + 2*z = -4*f + 204. What are the prime factors of (-8)/(-28) - f/(-14)?
2
Suppose 0 = -q + 11 + 7. Let k = q + -3. List the prime factors of k.
3, 5
Let p(g) be the second derivative of -g**4/12 + g**3/6 + 2*g. Let j be p(0). Suppose x = -j + 5. List the prime factors of x.
5
Let d = -8 + 17. Suppose -a + 10 = -3*a. Let q = a + d. List the prime factors of q.
2
Suppose -v + 45 = -20. What are the prime factors of v?
5, 13
Suppose 5 = 3*h - y, -3*y - 1 = -4*h + 4. Let f(c) = 3 + h - c - 2. List the prime factors of f(0).
3
Let d(h) = -h**3 + h**2 - h - 1. Let q be d(-1). Let v = 17 + -5. Suppose q*f + 0 = v. List the prime factors of f.
2, 3
Let u(a) = 9*a**2 + 2*a - 1. Let k = 6 + -5. List the prime factors of u(k).
2, 5
Let x(c) = c**3 - 4*c**2 + 2*c + 2. Let d = 3 + 0. Let q be x(d). List the prime factors of ((-1)/q - 0) + 17.
2, 3
Suppose 56*r = 51*r + 1195. What are the prime factors of r?
239
Let w = -9 - -13. Suppose -w*h + 32 = -5*n + n, 5*h - 4*n = 35. Suppose z = 2*j - 7, -4*z = 2*j - h*j. List the prime factors of j.
2
Let o(m) = m**3 + 10*m**2 - 2*m - 15. Let b = 7 + -2. Let f = -15 + b. What are the prime factors of o(f)?
5
What are the prime factors of (-16 - -18)/(2/26)?
2, 13
Let w(g) = -3*g**2 + 4*g - 3. Let v(y) = -y**3 + 4. Let x be v(0). Let u(p) = 2*p**2 - 5*p + 3. Let q(f) = x*u(f) + 3*w(f). What are the prime factors of q(-7)?
2, 5
Let o be 10 - 4/(4/4). Let f(g) be the second derivative of g**4/6 - 3*g**3/2 - 2*g. What are the prime factors of f(o)?
2, 3
Suppose -68 - 12 = -5*c + 5*n, 5*c = -3*n + 96. What are the prime factors of c?
2, 3
Let h(l) = 2*l**3 - 4*l**2 + 8. List the prime factors of h(6).
2, 37
Let w = -2 + 1. Let f be (-62)/((-3)/(w - -4)). Let k = -41 + f. What are the prime factors of k?
3, 7
Suppose -4*w - 6 - 7 = -o, -3*o + 2*w = 11. Let r(u) = -u**3 - 7*u**2 - u + 2. Let a be r(o). Suppose 4*v = 3*v + a. List the prime factors of v.
3
Let x(p) = -13*p - 3. List the prime factors of x(-2).
23
Let v(w) = -14*w - 5. Let k(f) = 29*f + 11. Let d(j) = -4*k(j) - 9*v(j). What are the prime factors of d(4)?
41
Suppose -3*a + 5*m - 27 = -a, -m + 15 = -a. Let z = 30 + a. List the prime factors of z.
2, 7
Let c(r) = 6*r - 1. Let l be c(-1). Let g = l - -10. Suppose -5*v - g*s + 31 = 0, 3*v = -5*s + 4 + 21. What are the prime factors of v?
5
Let g(t) = 3*t - 2. Let w be g(2). Suppose -4*d = 3*n - 2*d - 49, w*d - 30 = -2*n. List the prime factors of n.
17
Suppose -2*w - 4 = 2*d, 3*d - 4*d = -1. Let f = w + 18. Suppose -2*r + 8 = 3*z - 1, 5*z + f = 0. List the prime factors of r.
3
Suppose 3*n = 4*j - 3*j + 224, 0 = 3*n + j - 214. What are the prime factors of n?
73
Suppose -3*f + 1 = -4*